
83, 4097099
What are the prime factors of 2234002781?
2234002781
What are the prime factors of 865966555?
5, 31, 5586881
List the prime factors of 1741546319.
47, 37054177
List the prime factors of 71017869.
3, 13, 31, 58741
What are the prime factors of 1663420862?
2, 17, 613, 79811
List the prime factors of 103786600.
2, 5, 518933
What are the prime factors of 182305199?
23, 823, 9631
What are the prime factors of 144282672?
2, 3, 17, 3467
List the prime factors of 1158682358.
2, 19, 1459, 20899
What are the prime factors of 907745560?
2, 5, 137, 151, 1097
What are the prime factors of 534890584?
2, 17, 19, 317, 653
What are the prime factors of 2151645612?
2, 3, 109, 1644989
What are the prime factors of 42912710?
2, 5, 23, 43, 4339
What are the prime factors of 269580108?
2, 3, 7, 109, 29443
List the prime factors of 2308787632.
2, 3739, 38593
List the prime factors of 2182449916.
2, 545612479
What are the prime factors of 5127439315?
5, 67, 281, 54469
What are the prime factors of 414589863?
3, 17, 478189
What are the prime factors of 54430378?
2, 27215189
List the prime factors of 2319545792.
2, 36242903
List the prime factors of 5780526218.
2, 17, 19, 470957
What are the prime factors of 1045868079?
3, 348622693
List the prime factors of 3061216704.
2, 3, 7, 13, 241, 727
What are the prime factors of 542310271?
1637, 331283
What are the prime factors of 88092771?
3, 13, 239, 727
What are the prime factors of 142371768?
2, 3, 7, 11, 77041
What are the prime factors of 2156352763?
2156352763
List the prime factors of 270552973.
41, 6598853
What are the prime factors of 102243189?
3, 47, 179, 4051
List the prime factors of 1141102336.
2, 11, 405221
What are the prime factors of 1247812711?
1247812711
List the prime factors of 141700391.
7, 229, 88397
List the prime factors of 20878564.
2, 7, 43, 17341
List the prime factors of 114058495.
5, 23, 167, 5939
List the prime factors of 198890917.
19, 101, 103643
What are the prime factors of 79690266?
2, 3, 43, 149, 691
List the prime factors of 42773281.
149, 257, 1117
List the prime factors of 158427266.
2, 23, 37, 93083
List the prime factors of 16754358.
2, 3, 173, 16141
List the prime factors of 42325043.
42325043
List the prime factors of 300066.
2, 3, 13, 3847
What are the prime factors of 25053055?
5, 89, 56299
What are the prime factors of 18382191?
3, 167, 36691
What are the prime factors of 488613981?
3, 162871327
List the prime factors of 16325059.
16325059
List the prime factors of 2610312178.
2, 419, 3114931
List the prime factors of 824318572.
2, 7, 11, 19, 20123
List the prime factors of 81997073.
139, 619, 953
List the prime factors of 32716819.
5011, 6529
What are the prime factors of 24035396?
2, 7, 11, 73, 1069
List the prime factors of 1736714021.
7, 248102003
What are the prime factors of 780226880?
2, 5, 107, 22787
What are the prime factors of 12052163?
47, 149, 1721
What are the prime factors of 59667578?
2, 2939, 10151
List the prime factors of 41469875.
5, 19, 919
What are the prime factors of 1462370?
2, 5, 7, 13, 1607
What are the prime factors of 161925642?
2, 3, 999541
List the prime factors of 912004550.
2, 5, 18240091
List the prime factors of 665548095.
3, 5, 191, 232303
What are the prime factors of 2561526337?
179, 14310203
List the prime factors of 8289142.
2, 1039, 3989
List the prime factors of 1340016299.
71, 18873469
List the prime factors of 139549105.
5, 27909821
List the prime factors of 1758064089.
3, 586021363
List the prime factors of 69215892.
2, 3, 521, 11071
List the prime factors of 117401306.
2, 11, 181, 29483
List the prime factors of 445986107.
7, 19, 367, 9137
List the prime factors of 1068978459.
3, 356326153
List the prime factors of 5859135774.
2, 3, 59, 5517077
What are the prime factors of 1217410277?
18773, 64849
List the prime factors of 9237169.
61, 151429
What are the prime factors of 75293409?
3, 19, 37, 1879
What are the prime factors of 370587134?
2, 19, 9752293
List the prime factors of 244434984.
2, 3, 23, 442817
What are the prime factors of 79673494?
2, 39836747
What are the prime factors of 4168856?
2, 521107
List the prime factors of 1786229839.
4547, 392837
What are the prime factors of 5884024?
2, 47, 15649
List the prime factors of 160175748.
2, 3, 359, 37181
What are the prime factors of 714133127?
17, 42007831
List the prime factors of 21078622.
2, 71, 79, 1879
What are the prime factors of 1687635620?
2, 5, 11, 43, 178397
What are the prime factors of 491567378?
2, 245783689
List the prime factors of 372324170.
2, 5, 3413, 10909
List the prime factors of 15758019.
3, 47, 37253
What are the prime factors of 595315871?
595315871
List the prime factors of 194240457.
3, 241, 29851
List the prime factors of 2694594733.
21559, 124987
List the prime factors of 552170571.
3, 19, 317, 30559
What are the prime factors of 52108516?
2, 419, 31091
List the prime factors of 1419428048.
2, 2347, 37799
List the prime factors of 327637735.
5, 257, 254971
List the prime factors of 4146387.
3, 7, 47, 4201
What are the prime factors of 108091162?
2, 54045581
List the prime factors of 3819043915.
5, 31, 24638993
What are the prime factors of 108440283?
3, 7, 251, 2939
List the prime factors of 33391224.
2, 3, 154589
List the prime factors of 113083129.
211, 535939
List the prime factors of 106997701.
106997701
What are the prime factors of 2034875182?
2, 23, 41, 1078937
List the prime factors of 1721561913.
3, 191284657
List the prime factors of 37847055.
3, 5, 1229, 2053
What are the prime factors of 36337299?
3, 12112433
What are the prime factors of 623879359?
623879359
What are the prime factors of 523354141?
16931, 30911
List the prime factors of 363517625.
5, 31, 93811
List the prime factors of 87865574.
2, 73, 601819
What are the prime factors of 1311425354?
2, 655712677
What are the prime factors of 24522726?
2, 3, 137, 29833
List the prime factors of 1640078766.
2, 3, 911, 11113
What are the prime factors of 401747012?
2, 100436753
What are the prime factors of 229146066?
2, 3, 197, 64621
What are the prime factors of 170301775?
5, 7, 23, 29, 1459
List the prime factors of 144558511.
47, 3075713
What are the prime factors of 69690492?
2, 3, 1935847
What are the prime factors of 89767948?
2, 887, 25301
List the prime factors of 477399422.
2, 238699711
What are the prime factors of 234228238?
2, 19, 73, 84437
What are the prime factors of 82197379?
11, 7472489
What are the prime factors of 86533723?
17, 5090219
List the prime factors of 1401659002.
2, 2963, 236527
What are the prime factors of 61215837?
3, 1327, 15377
List the prime factors of 3547675532.
2, 17, 571, 91369
What are the prime factors of 84601084?
2, 23, 227, 4051
List the prime factors of 485902872.
2, 3, 7, 13, 74161
List the prime factors of 3918721.
17, 59, 3907
List the prime factors of 78957894.
2, 3, 17, 29, 26693
What are the prime factors of 60104601?
3, 6678289
List the prime factors of 246639059.
1361, 181219
List the prime factors of 4125266065.
5, 825053213
List the prime factors of 681731547.
3, 7, 61, 532187
What are the prime factors of 32086569?
3, 313, 34171
List the prime factors of 1425816503.
17, 83871559
List the prime factors of 411773273.
411773273
List the prime factors of 212354032.
2, 11, 19, 23, 251
List the prime factors of 2373780278.
2, 17, 269, 461, 563
What are the prime factors of 131051705?
5, 26210341
List the prime factors of 551405005.
5, 2053, 53717
What are the prime factors of 1517966552?
2, 1451, 130769
What are the prime factors of 3007542034?
2, 7, 19, 29, 43, 9067
What are the prime factors of 183996161?
59, 3118579
List the prime factors of 44942294.
2, 457, 49171
List the prime factors of 880902333.
3, 173, 565769
List the prime factors of 611289129.
3, 11, 18523913
List the prime factors of 280979945.
5, 56195989
List the prime factors of 77352827.
77352827
What are the prime factors of 3867936260?
2, 5, 193396813
What are the prime factors of 110077870?
2, 5, 7, 89, 17669
List the prime factors of 3964232251.
7, 80902699
List the prime factors of 2579025201.
3, 859675067
What are the prime factors of 1446119047?
617, 2343791
What are the prime factors of 4451986452?
2, 3, 17, 47, 197, 2357
List the prime factors 